 3*f - 38. Suppose 4*m - w = 3*v + 122, m - v - 43 = 0. What is the tens digit of m?
4
Let y(d) = -300*d + 388. What is the thousands digit of y(-12)?
3
Let w(d) = -5*d**2 - 8*d - 1. Let v(k) = 6*k**2 + 9*k. Let z = 22 + -15. Let x(p) = z*w(p) + 6*v(p). What is the units digit of x(7)?
8
What is the tens digit of (-9 + 51/6)*-950?
7
Let q = -16 + 302. What is the tens digit of q?
8
Let p be -2*9/6 + 3. Suppose p = 2*k - 5*l - 0 - 9, k + 5*l = 12. Suppose -14 = -k*w + 6*w. What is the tens digit of w?
1
Suppose -2*c - 3*q + 4929 = 0, -3*c - q + 7391 = 3*q. What is the units digit of c?
7
Let n(m) be the first derivative of m**2/2 + 5*m + 2. Let d be n(-7). What is the units digit of (-177)/(-6) + d/(-4)?
0
What is the hundreds digit of 20730/27 - (-28)/126?
7
Let j = 2107 + -1270. What is the tens digit of j?
3
Let j = 170 - -135. What is the units digit of j?
5
Let i = 1485 - 666. What is the hundreds digit of i?
8
Let h be 4*9/24*2. Suppose -h*u + 111 = -3*k, 0 = -2*u + 4*k - 3*k + 73. What is the units digit of u?
6
Let f be 1 + -2*(-448)/4. What is the tens digit of -5*9/(f/(-1120))?
2
Let m be -44 + (11/4 - 1/(-4)). Let c = -17 - m. What is the units digit of c?
4
Let d = -1 + 3. Let y(g) = d + 0 + 2*g**3 + 2*g**2 + 14*g**3 - 3. What is the units digit of y(1)?
7
Suppose 0 = -2*p - a - 72 + 340, 20 = -5*a. Suppose -p*y = -134*y - 320. What is the hundreds digit of y?
1
Suppose 4*o + 5*p - 2173 = 0, 4*o - 4*p = o + 1653. What is the units digit of o?
7
Let h = -25 - -28. Suppose -570 = -5*p + 5*y, -h*y = -0*p + 5*p - 562. What is the hundreds digit of p?
1
Let x = -194 + 422. What is the tens digit of x?
2
Suppose 0 = -2*g - 4*t + 130, 2*t - 4 = 2*g - 116. Let i = g - 171. Let n = -52 - i. What is the tens digit of n?
6
Let w(y) = y**3 + 22*y**2 - 35*y - 8. What is the units digit of w(-19)?
0
Suppose -5*s + 3*s = -32. Let k = s + 41. What is the units digit of k?
7
Let q = 28 + -25. Suppose 53 = -3*c - c - 3*k, 0 = -3*c - q*k - 39. What is the tens digit of (-6)/c - (-228)/7?
3
Let c(p) = 2*p + 5. Let l be c(-9). Let o = l + -26. Let x = 63 + o. What is the units digit of x?
4
Suppose -70 = -3*h - 5*i, -3*h + 2*i + 50 = 3*i. Suppose 3*k = 57 + h. What is the tens digit of k?
2
Suppose -4 = 4*z - 4*n, z - 3*n = -5*n - 4. Let g be (6/(-9))/(z/75). Suppose 15 + g = 5*y. What is the units digit of y?
8
What is the hundreds digit of -1*40*(-7105)/196?
4
Suppose 1324*x - 1722 = 1322*x. What is the units digit of x?
1
Suppose -7*k = -4*k - 141. Suppose 162 = 5*o + k. What is the units digit of o?
3
Let q(k) = k + 11. Let o be q(-6). Suppose 0*z + 4*b = -o*z + 6, 3*b = -2*z + 1. Suppose -z*p + 0*p = -50. What is the units digit of p?
5
Let q(k) = 106*k - 55. What is the hundreds digit of q(2)?
1
Let a = -2236 - -4037. What is the tens digit of a?
0
What is the units digit of 4658 + (11 - 0) + -1?
8
Suppose 10*x - 3*x - 42 = 0. Let f = 4 - -11. Let z = f - x. What is the units digit of z?
9
What is the tens digit of (32*14 + -2)/1?
4
What is the thousands digit of (714/(-4))/(258/(-2408))?
1
Suppose -16 = 5*g - 2*k - 6, -2*k = -10. Suppose -4*j - 3*h = -742, j + 4*h + 0*h - 192 = g. What is the tens digit of j?
8
What is the hundreds digit of 12/9*-3 + 756/1?
7
Let r be (-6)/(-8)*(-28 - -4). Let k = 38 + r. What is the units digit of k?
0
Suppose 5*c = 4*b - 2729, b + 5*c = -2*b + 2038. Let l = b - 466. What is the tens digit of l?
1
Let r(m) be the first derivative of -49*m**2/2 + 2*m - 11. What is the units digit of r(-1)?
1
Let r(b) = b**2 + 6*b + 15. Let h(x) = 3*x + 5. Let w be h(-5). What is the units digit of r(w)?
5
Let u(v) = 4*v - 15. Let j be u(6). Let k be 115/(j/3 - 2). Suppose 3*c + 2*z - k = 0, -5*c + 50 + 120 = -z. What is the units digit of c?
5
Let o(a) = -6*a**3 - 14*a**2 - 2*a + 17. Let r(p) = 5*p**3 + 13*p**2 + 3*p - 16. Let g(n) = -4*o(n) - 5*r(n). What is the units digit of g(-8)?
4
What is the tens digit of (-8060)/(-25) + 1 + 6/10?
2
Let w = -65 - -413. What is the units digit of w?
8
What is the units digit of (-6)/(-33) + (-2528)/(-11)?
0
Let s = -324 + 736. What is the tens digit of s?
1
Suppose 0 = -5*u - 0*u, -2*q - u - 6 = 0. Let o be q/1 + 1 + 2. Suppose o = -3*a + 31 + 5. What is the units digit of a?
2
Let x = -806 - -1359. What is the hundreds digit of x?
5
Suppose -8*w = -3*w - 25, -3*u - 4*w = -695. What is the tens digit of u?
2
Let i be -2*(-3 - -2)/(2/83). Suppose v + 3*y - 41 = 0, -i = -v - 2*v - y. What is the units digit of v?
6
What is the hundreds digit of (-13)/(0 - 2/50)?
3
Let w be 4/(-6) + 6259/33. Let i = -125 + w. What is the tens digit of i?
6
Let s = -28 + 30. Suppose 2*a - 5*a + 207 = s*h, 3*h = -3*a + 207. What is the units digit of a?
9
Suppose 3*f + 45906 = 9*f. What is the tens digit of (-2)/8 + f/28?
7
Let z(r) = 4*r - 40. Let v be z(12). Let f = 16 - v. What is the units digit of f?
8
Let o(w) = 5*w**3 - 2*w**2 + 1. Let u be o(-1). Let b be 195/u*(-8)/(-10). Let t = b + 51. What is the tens digit of t?
2
Suppose -26*a + 204 = -22*a. Suppose 6*d + a = 9*d. What is the tens digit of d?
1
Suppose -5*c - 7 = 4*v, -3*v = -0*c + 2*c + 14. Let q(i) = -8*i + 10. What is the tens digit of q(v)?
7
Let c(b) = -1 + 1 - 2 + 8*b. Suppose 104*p + 36 = 110*p. What is the tens digit of c(p)?
4
Let v = -1628 + 963. Let g = -349 - v. What is the hundreds digit of g?
3
Let c = -212 + 267. What is the tens digit of c?
5
Suppose 0 = 9*a + 1 + 8. What is the units digit of 90/5 + 0 + a + -3?
4
Let h = 305 - -407. What is the hundreds digit of h?
7
Let w = -2 + 5. Let q(k) = k**w + 0*k**3 - k**2 - k + 6 + 0*k**3. What is the units digit of q(0)?
6
Suppose 239 = 3*l - 169. Suppose 2*z + 42 - l = -2*u, -4*u + 185 = z. What is the units digit of u?
6
Let l = -4433 + 6245. What is the hundreds digit of l?
8
Let g = 9 + -2. Let v be (g/(-14))/((-1)/10). Suppose 30 = v*z + 5. What is the units digit of z?
5
Suppose -l + 4*l - 6 = 0. Suppose 4*p + l*j - 516 = 0, 2*j = p - 76 - 48. What is the tens digit of p?
2
What is the tens digit of 1 + 30/(-21) - 63866/(-77)?
2
Let q(i) = i**3 - 11*i**2 + 10*i + 4. Let g be 90/(-27)*(0 + -3). Let l be q(g). Suppose -5*n - l*c = -6, -n = -2*n - 4*c - 2. What is the units digit of n?
2
Suppose 4 + 13 = z. Suppose -2*n - 3*n + z = -r, 3*n = r + 9. Suppose -65 - 28 = -r*p. What is the tens digit of p?
3
Let j be (-7)/(-3) - 2/(-9)*3. Suppose -3*s + 54 = j*l, 5*s - 14 + 54 = 5*l. What is the tens digit of l?
1
Let t(a) = a**3 + 11*a**2 + 9*a - 5. Let v be t(-10). Suppose v*i = -3 - 7, -5*z - 4*i = -247. What is the tens digit of z?
5
Suppose s - 276 = o, 4*o - 301 = -s - 0*s. What is the units digit of s?
1
Suppose 0*g + 8*g = -800. Suppose -2*d - 310 = -4*d. Let f = d + g. What is the tens digit of f?
5
Suppose 9*p - 665 = 4*p. What is the units digit of p?
3
Let f be 2/5 - 66/(-10). Suppose -2*w = -f*w. Suppose 4*b - 5*b = w, -5*c - 2*b + 105 = 0. What is the tens digit of c?
2
Suppose 0*z = -4*y + 4*z + 708, 3*y + 4*z - 552 = 0. What is the units digit of y/27 - 2/3?
6
Let q(c) = 96*c**2 - 8*c - 22. What is the hundreds digit of q(-2)?
3
Let r = -28 - -33. Let f(z) = 25*z + 4*z**2 - 45*z + 25 - r*z**2. What is the tens digit of f(-18)?
6
Let c(f) = f**2 - 20*f - 271. What is the units digit of c(-10)?
9
Suppose 4*k = r - 2*r, 0 = 5*r + k - 57. Suppose 0 = 11*d - r*d + 68. What is the tens digit of d?
6
Let g = 6 + -1. Suppose g*h + 14 - 34 = 0. Suppose -h*v + 44 = -0*v. What is the tens digit of v?
1
Let u(p) = -p + 2. Let j be u(2). Suppose 2*i + 2*i - 60 = j. Let l = 32 - i. What is the units digit of l?
7
Let h be 2/(-4) - 78/(-12). Let s be h/(-21) - (-2)/7. Suppose i - 4*g = 32, -i = -s*g + 5*g - 32. What is the units digit of i?
2
Let h = 3340 - 1521. What is the units digit of h?
9
Suppose -k = 20*k - 13440. What is the tens digit of k?
4
Let z = 393 - -20. What is the units digit of z?
3
Let c(r) = -r - 6. Let g be c(-6). Suppose -5*o + 11 + 14 = g. Suppose -w - 60 = -o*w. What is the units digit of w?
5
Let w(p) = -6*p - 3*p - 3*p + 15 + 9*p. What is the units digit of w(3)?
6
Let v(g) = g**3 + 21*g**2 + 4 - 4*g - 5*g**2 - 13*g**2. Let i be v(4). Let f = 154 - i. What is the units digit of f?
4
Suppose 4*x + 6256 = 8*x. What is the units digit of x?
4
Suppose 9 = 2*x - 